ppose -d = -6*d. Suppose d = -38*i + p*i - 320. What is the highest common divisor of i and 32?
16
Suppose 11*p = 1172 + 885. What is the greatest common factor of p and 153?
17
Let w be 9/(2/(36/3)). Let x(p) = 5*p**3 + 2*p**2 - 121*p - 6. Let q be x(-5). Calculate the highest common divisor of w and q.
6
Let a(o) = -o**3 + 9*o**2 + 12*o - 17. Let g be a(10). Suppose -g*p + z + 92 = 0, 2*p - 11*z = -7*z + 68. What is the greatest common factor of p and 70?
10
Suppose 20*d = 5041 + 3779. What is the highest common divisor of 168 and d?
21
Suppose -660 = 1735*v - 1757*v. What is the greatest common factor of v and 1896?
6
Let v(c) = -5 + 5*c - 10*c - 12. Let d be v(-4). Let w be (1/d*-31)/((-63)/189). Calculate the highest common factor of 279 and w.
31
Let j be (1380 - 4) + 14 + (-20 - -10). What is the highest common factor of 420 and j?
60
Let v(i) = i**3 + 6*i**2 + 4*i. Let z be v(-4). Suppose 5*k - 4*b = 72, -2*k - 3*b + 36 = -b. What is the greatest common factor of z and k?
16
Let j be (1/2)/(51/612). Suppose -5*s - 6 = -y, 2*y - j*y - 4*s = -72. Calculate the greatest common factor of 144 and y.
16
Let g = 1237 + -1217. Calculate the highest common factor of 3630 and g.
10
Let s(u) = 2*u**2 - 19. Let m be s(14). Suppose -16 = m*q - 374*q. What is the greatest common divisor of 80 and q?
16
Let p(l) = 2*l**2 + 36*l + 42. Let m be p(-17). Suppose -u + 5*h = -m, 4*u - 14 + 3 = -h. What is the highest common divisor of u and 63?
3
Let k(f) = 1715*f - 18850. Let z be k(11). Suppose -5*h = 3*c - 1260, -3*h + c + 755 = 3*c. Calculate the greatest common factor of h and z.
15
Suppose 0 = -18*o + 7*o. Suppose o = 12*c + 630 - 2262. What is the highest common factor of 170 and c?
34
Let j(d) = 9*d**2 + 3*d + 3. Let b be j(-2). Suppose -u + b - 11 = 0. Let x = 80 + -25. What is the greatest common divisor of x and u?
11
Let b be -1 - -156 - (-60)/(-15). Let y = b + -139. What is the highest common divisor of y and 96?
12
Suppose 1 + 23 = 3*d. Let b(p) = 5*p - 101. Let t be b(22). Suppose t*g + 2*g - 11 = 0. What is the greatest common factor of g and d?
1
Let s(l) = l**2 - 16. Let d = -26 - -19. Let g be s(d). Let f be (-20)/110 - (-488)/22. Calculate the highest common factor of f and g.
11
Suppose 3*o + 2*o = 45. Suppose 38*l + 28 = 45*l. Suppose -18*f - 348 = -4*w - 14*f, l*f = 3*w - 258. What is the highest common factor of o and w?
9
Suppose 847 = 2*d - 1277. Suppose -4*t = 2*t - d. Suppose 0 = -4*m - n + t, m - 24 = -5*n + 6. What is the greatest common factor of 450 and m?
45
Suppose 33 - 223 = -5*d. Suppose -o = -c - 10, c - 4*c - 54 = 3*o. Let y = d + c. Calculate the greatest common factor of y and 32.
8
Let u be (67 + (16 - 8) + 2/1)/1. What is the highest common factor of u and 749?
7
Let t be (1/2)/(3/66). Let p(c) = -c**3 - 43*c**2 - 456*c + 33. Let a be p(-24). What is the greatest common divisor of t and a?
11
Suppose -14 = 3*q - n - 3, 3*q + 15 = -3*n. Let r = 45 - q. Calculate the highest common divisor of 28 and r.
7
Let n = 58181 + 3784. Calculate the greatest common factor of n and 15.
15
Suppose 2*i + 5*v = 3*v + 498, -4*i + v = -976. Suppose 120*h - 29*h + 276556 = 1502*h. What is the greatest common factor of i and h?
49
Let g(z) = -17*z + 306. Let f be g(18). Suppose f = 8*n - 370 + 98. Calculate the highest common factor of 272 and n.
34
Suppose 300*v = 289*v + 1122. Calculate the highest common divisor of v and 2.
2
Suppose -21*b - 57 = -24*b - 4*f, -4*b = 5*f - 74. What is the greatest common factor of b and 13519?
11
Let v = 3 + 1. Suppose -3*l + 32 = i, -4*i - 479 = 3*l - 553. Calculate the greatest common factor of i and v.
2
Suppose 284*n - 287*n = -336. What is the highest common divisor of n and 576?
16
Suppose -n + 4*h = -60 + 8, 5*h = 4*n - 219. Let g = n + -52. What is the greatest common divisor of g and 4?
4
Let f be 29843 + ((-3)/12 - (-31)/124). What is the greatest common divisor of f and 11?
11
Suppose -17 - 67 = -4*m + 3*t, 66 = 3*m - 3*t. Let r(w) = 5*w - 57. Let l be r(m). Let o = l + 67. What is the highest common factor of 40 and o?
20
Let j(x) = 2*x**2 + 105*x - 883. Let t be j(-60). What is the greatest common divisor of t and 1?
1
Suppose -10*d = -7*d + 12, 3*d = -3*p + 63. Calculate the highest common divisor of p and 200.
25
Let a(k) = -360*k - 576. Let u be a(-8). Calculate the highest common divisor of u and 896.
128
Suppose -34*z + 8*z = -1326. What is the highest common divisor of 1564 and z?
17
Let o = 51 - 6. Let g = 49 - o. Suppose -36 = -5*j + g. Calculate the highest common factor of j and 1.
1
Let p(u) = -3*u**2 + 5 + 3*u**2 - 9 - 3*u + u**3. Let x be p(3). Let s(h) = 3*h + 201. Let n be s(-11). What is the highest common divisor of n and x?
14
Suppose -4*a + 3*p = -508, 1406 = 5*a - p + 782. Calculate the highest common factor of 775 and a.
31
Let t be (-22)/4 - 8/(-16). Let g be (t/4)/(8/(-32)). Let k(c) = -9*c - 44. Let w be k(-11). Calculate the highest common factor of g and w.
5
Let x(s) = -2*s**2 - 30*s - 72. Let f be x(-11). Suppose -3*h = -5*w + 51, -f = -4*w - 2*h + 16. Calculate the highest common factor of 252 and w.
9
Let b = -516 - -106. Let f be (b/3)/((-32)/12 + 2). Calculate the greatest common divisor of 82 and f.
41
Suppose 11*g + 33 - 220 = 0. Suppose -11*d + 149 = g. Let h = d + 10. Calculate the highest common factor of 88 and h.
22
Let k be ((-24)/18*-4)/(3/(-9)). Let b be (-11148)/(-32) + 6/k. What is the greatest common factor of 29 and b?
29
Suppose x + 2*x = 159. Suppose -132*b = -135*b + 111. Let y = x - b. What is the greatest common divisor of 112 and y?
16
Suppose -51 = -5*r + 4. Let y = r + -3. Let f(a) = -2465*a - 64089. Let p be f(-26). What is the greatest common divisor of p and y?
1
Let o = 94 + -58. Let f be 2/((-245)/140*2/(-7)). Calculate the highest common factor of o and f.
4
Let v(m) = 2*m**2 + 6*m - 27. Let h be v(12). Let k = 494 - h. Suppose -4*c + 45 + 47 = 0. Calculate the highest common divisor of c and k.
23
Suppose -30*s + 12*s = -5220. Suppose 5*r + 14*w - s = 9*w, -5*w - 223 = -4*r. Calculate the greatest common factor of r and 209.
19
Suppose -3342 + 2068 = -51*a + 3928. What is the highest common divisor of a and 2550?
102
Let h = 103 + -91. Let n be (0 - (2 - 0))*h/8. Let p be (4 - 3 - 67/(-1)) + n. What is the highest common factor of p and 13?
13
Let s(k) = 39*k. Let m be s(2). Suppose -m = b + y, 3*y = -5*b + 3*b - 161. Let f = 163 + b. What is the greatest common factor of f and 15?
15
Let z be 93*3*(-1)/9. Let w = z + 122. Let j = 125 + -112. Calculate the highest common divisor of w and j.
13
Let q be 8/(-2) - (-6 + 92282)/(-17). Calculate the greatest common divisor of 12 and q.
12
Let t(q) = 26*q**2 + q. Let x be t(1). Let r(y) = 13*y + 822. Let c be r(-66). Let i be ((-51)/4)/(x/c). What is the greatest common divisor of 68 and i?
17
Let r be 14 + (-5 + 3)*1. Suppose 0 = -48*j + 4*j + 7993 + 4679. What is the highest common divisor of r and j?
12
Suppose 34 = 5*j + 14. Suppose -2*a + 350 = -5*b, j*a - 325 = -2*b + 351. Let l be (-9 + 12)/((-65)/34 + 2). What is the highest common factor of l and a?
34
Suppose 116896 = -498*q + 514*q. Calculate the greatest common factor of q and 26.
26
Let v(r) = -391*r - 3868. Let b be v(-10). Let t = 120 - -363. What is the highest common factor of b and t?
21
Let a = 14 - 9. Suppose -j = 2*f - 242, -f + 0*f + 110 = -a*j. Let r(b) = -b**2 + 8*b + 35. Let l be r(10). Calculate the greatest common divisor of f and l.
15
Suppose i = -4*t + 497, 2*i - 1492 + 526 = -t. What is the greatest common factor of 74 and i?
37
Suppose w - 2*o = 3*w - 8, 5*w + 4*o = 19. Suppose -c + 6*s - 3*s - 12 = 0, 4*c - 27 = -w*s. What is the greatest common factor of c and 69?
3
Let g be (-4)/(-15 - 110539/(-7370)). Calculate the greatest common factor of g and 402.
134
Let f(a) = -34*a + 782*a**2 - 45 - 783*a**2 + 193. Let o be f(-34). What is the greatest common divisor of o and 814?
74
Let f(k) = k**2 - 47*k - 12. Let i be f(8). Let x = 338 + i. What is the highest common factor of 294 and x?
14
Let z(u) = -20*u - 111. Let l be z(-6). Calculate the highest common divisor of l and 9459.
9
Let n = 84 - 79. Suppose -201*q + 21254 = -27991. Calculate the greatest common factor of q and n.
5
Let j(u) = 350*u